{"version":"1.0","provider_name":"Infoecos","provider_url":"https:\/\/infoecos.com.ar","author_name":"Jorge Matheus","author_url":"https:\/\/infoecos.com.ar\/index.php\/author\/jomatheus\/","title":"Novillos sueltos sobre la Ruta 33 fueron embestidos por un cami\u00f3n - Infoecos","type":"rich","width":600,"height":338,"html":"<blockquote class=\"wp-embedded-content\" data-secret=\"N275oYPmMF\"><a href=\"https:\/\/infoecos.com.ar\/index.php\/animale-sueltos\/\">Novillos sueltos sobre la Ruta 33 fueron embestidos por un cami\u00f3n<\/a><\/blockquote><iframe sandbox=\"allow-scripts\" security=\"restricted\" src=\"https:\/\/infoecos.com.ar\/index.php\/animale-sueltos\/embed\/#?secret=N275oYPmMF\" width=\"600\" height=\"338\" title=\"\u00abNovillos sueltos sobre la Ruta 33 fueron embestidos por un cami\u00f3n\u00bb \u2014 Infoecos\" data-secret=\"N275oYPmMF\" frameborder=\"0\" marginwidth=\"0\" marginheight=\"0\" scrolling=\"no\" class=\"wp-embedded-content\"><\/iframe><script type=\"text\/javascript\">\n\/* <![CDATA[ *\/\n\/*! This file is auto-generated *\/\n!function(d,l){\"use strict\";l.querySelector&&d.addEventListener&&\"undefined\"!=typeof URL&&(d.wp=d.wp||{},d.wp.receiveEmbedMessage||(d.wp.receiveEmbedMessage=function(e){var t=e.data;if((t||t.secret||t.message||t.value)&&!\/[^a-zA-Z0-9]\/.test(t.secret)){for(var s,r,n,a=l.querySelectorAll('iframe[data-secret=\"'+t.secret+'\"]'),o=l.querySelectorAll('blockquote[data-secret=\"'+t.secret+'\"]'),c=new RegExp(\"^https?:$\",\"i\"),i=0;i<o.length;i++)o[i].style.display=\"none\";for(i=0;i<a.length;i++)s=a[i],e.source===s.contentWindow&&(s.removeAttribute(\"style\"),\"height\"===t.message?(1e3<(r=parseInt(t.value,10))?r=1e3:~~r<200&&(r=200),s.height=r):\"link\"===t.message&&(r=new URL(s.getAttribute(\"src\")),n=new URL(t.value),c.test(n.protocol))&&n.host===r.host&&l.activeElement===s&&(d.top.location.href=t.value))}},d.addEventListener(\"message\",d.wp.receiveEmbedMessage,!1),l.addEventListener(\"DOMContentLoaded\",function(){for(var e,t,s=l.querySelectorAll(\"iframe.wp-embedded-content\"),r=0;r<s.length;r++)(t=(e=s[r]).getAttribute(\"data-secret\"))||(t=Math.random().toString(36).substring(2,12),e.src+=\"#?secret=\"+t,e.setAttribute(\"data-secret\",t)),e.contentWindow.postMessage({message:\"ready\",secret:t},\"*\")},!1)))}(window,document);\n\/* ]]> *\/\n<\/script>\n","thumbnail_url":"https:\/\/infoecos.com.ar\/wp-content\/uploads\/2023\/08\/CAMION.jpg","thumbnail_width":696,"thumbnail_height":439,"description":"Seg\u00fan la informaci\u00f3n extraoficial, se habr\u00eda labrado la infracci\u00f3n correspondiente al propietario de los novillos, pero no se realizaron actuaciones respecto al choque en particular, teniendo en cuenta que no hubo personas heridas"}

Novillos sueltos sobre la Ruta 33 fueron embestidos por un camión - Infoecos

<blockquote class="wp-embedded-content" data-secret="N275oYPmMF"><a href="https://infoecos.com.ar/index.php/animale-sueltos/">Novillos sueltos sobre la Ruta 33 fueron embestidos por un camión</a></blockquote><iframe sandbox="allow-scripts" security="restricted" src="https://infoecos.com.ar/index.php/animale-sueltos/embed/#?secret=N275oYPmMF" width="600" height="338" title="«Novillos sueltos sobre la Ruta 33 fueron embestidos por un camión» — Infoecos" data-secret="N275oYPmMF" frameborder="0" marginwidth="0" marginheight="0" scrolling="no" class="wp-embedded-content"></iframe><script type="text/javascript">
/* <![CDATA[ */
/*! This file is auto-generated */
!function(d,l){"use strict";l.querySelector&&d.addEventListener&&"undefined"!=typeof URL&&(d.wp=d.wp||{},d.wp.receiveEmbedMessage||(d.wp.receiveEmbedMessage=function(e){var t=e.data;if((t||t.secret||t.message||t.value)&&!/[^a-zA-Z0-9]/.test(t.secret)){for(var s,r,n,a=l.querySelectorAll('iframe[data-secret="'+t.secret+'"]'),o=l.querySelectorAll('blockquote[data-secret="'+t.secret+'"]'),c=new RegExp("^https?:$","i"),i=0;i<o.length;i++)o[i].style.display="none";for(i=0;i<a.length;i++)s=a[i],e.source===s.contentWindow&&(s.removeAttribute("style"),"height"===t.message?(1e3<(r=parseInt(t.value,10))?r=1e3:~~r<200&&(r=200),s.height=r):"link"===t.message&&(r=new URL(s.getAttribute("src")),n=new URL(t.value),c.test(n.protocol))&&n.host===r.host&&l.activeElement===s&&(d.top.location.href=t.value))}},d.addEventListener("message",d.wp.receiveEmbedMessage,!1),l.addEventListener("DOMContentLoaded",function(){for(var e,t,s=l.querySelectorAll("iframe.wp-embedded-content"),r=0;r<s.length;r++)(t=(e=s[r]).getAttribute("data-secret"))||(t=Math.random().toString(36).substring(2,12),e.src+="#?secret="+t,e.setAttribute("data-secret",t)),e.contentWindow.postMessage({message:"ready",secret:t},"*")},!1)))}(window,document);
/* ]]> */
</script>

Según la información extraoficial, se habría labrado la infracción correspondiente al propietario de los novillos, pero no se realizaron actuaciones respecto al choque en particular, teniendo en cuenta que no hubo personas heridas
